{"id":1658,"date":"2018-06-03T12:13:13","date_gmt":"2018-06-03T10:13:13","guid":{"rendered":"http:\/\/www.wendelwillweiter.de\/?page_id=1658"},"modified":"2018-06-07T00:57:27","modified_gmt":"2018-06-06T22:57:27","slug":"impressum","status":"publish","type":"page","link":"https:\/\/www.wendelwillweiter.de\/?page_id=1658","title":{"rendered":"Impressum"},"content":{"rendered":"<pre>Wendelin Meyer\r\nB\u00fcchelstr. 81\r\n53227 Bonn\r\n\r\ntel. 0228 6296266\r\neMail wendelinmeyer((at))gmx.de<\/pre>\n<p><strong>Rechtliches<\/strong><\/p>\n<p><a name=\"u5478-35\"><\/a>1. Inhalt<\/p>\n<p><a href=\"http:\/\/www.wendelwillweiter.de\/\">www.wendelwillweiter.de<\/a> ist mein Blog, ein \u00f6ffentliches Tagebuch<\/p>\n<p>Alles, was ich auf <a href=\"http:\/\/www.wendelwillweiter.de\/\">www.wendelwillweiter.de<\/a> ver\u00f6ffentliche, ist im Sinne der freien Meinungs\u00e4u\u00dferung von mir gegeben. Wenn dies als Information gewertet oder verwendet wird, schlie\u00dfe ich hiermit ausdr\u00fccklich aus, da\u00df ich im Falle der Fehlerhaftigkeit und der daraus resultierenden Sch\u00e4den, daf\u00fcr verantwortlich gemacht werden kann, will, soll oder mu\u00df.<\/p>\n<p><a name=\"u5478-42\"><\/a><a name=\"u5478-39\"><\/a>2. Verweise und Links<\/p>\n<p>Diese versuche ich einfach zu vermeiden. Falls ich doch einen indirekten oder direkten (Hyperlink) Verweis, auf <a href=\"http:\/\/www.wendelwilleiter.de\/\">www.wendelwill<\/a><a href=\"http:\/\/www.wendelwilleiter.de\/\">w<\/a><a href=\"http:\/\/www.wendelwilleiter.de\/\">eiter.de<\/a> gepostet haben sollte, dann distanziere ich mich von jedem dieser Inhalte und sehe diese nicht als meiner Meinung an.<\/p>\n<p><a name=\"u5478-49\"><\/a><a name=\"u5478-46\"><\/a>3. Urheberschaft<\/p>\n<p>Die von mir angefertigten und auf www.wendelwillweiter.de ver\u00f6ffentlichten Texte und Bilder unterliegen meiner Urheberschaft.<\/p>\n","protected":false},"excerpt":{"rendered":"<p>Wendelin Meyer B\u00fcchelstr. 81 53227 Bonn tel. 0228 6296266 eMail wendelinmeyer((at))gmx.de Rechtliches 1. Inhalt www.wendelwillweiter.de ist mein Blog, ein \u00f6ffentliches Tagebuch Alles, was ich auf www.wendelwillweiter.de ver\u00f6ffentliche, ist im Sinne der freien Meinungs\u00e4u\u00dferung von mir gegeben. Wenn dies als Information &hellip; <a href=\"https:\/\/www.wendelwillweiter.de\/?page_id=1658\">Weiterlesen <span class=\"meta-nav\">&rarr;<\/span><\/a><\/p>\n","protected":false},"author":1,"featured_media":0,"parent":0,"menu_order":0,"comment_status":"closed","ping_status":"closed","template":"","meta":{"footnotes":""},"class_list":["post-1658","page","type-page","status-publish","hentry"],"_links":{"self":[{"href":"https:\/\/www.wendelwillweiter.de\/index.php?rest_route=\/wp\/v2\/pages\/1658","targetHints":{"allow":["GET"]}}],"collection":[{"href":"https:\/\/www.wendelwillweiter.de\/index.php?rest_route=\/wp\/v2\/pages"}],"about":[{"href":"https:\/\/www.wendelwillweiter.de\/index.php?rest_route=\/wp\/v2\/types\/page"}],"author":[{"embeddable":true,"href":"https:\/\/www.wendelwillweiter.de\/index.php?rest_route=\/wp\/v2\/users\/1"}],"replies":[{"embeddable":true,"href":"https:\/\/www.wendelwillweiter.de\/index.php?rest_route=%2Fwp%2Fv2%2Fcomments&post=1658"}],"version-history":[{"count":4,"href":"https:\/\/www.wendelwillweiter.de\/index.php?rest_route=\/wp\/v2\/pages\/1658\/revisions"}],"predecessor-version":[{"id":1667,"href":"https:\/\/www.wendelwillweiter.de\/index.php?rest_route=\/wp\/v2\/pages\/1658\/revisions\/1667"}],"wp:attachment":[{"href":"https:\/\/www.wendelwillweiter.de\/index.php?rest_route=%2Fwp%2Fv2%2Fmedia&parent=1658"}],"curies":[{"name":"wp","href":"https:\/\/api.w.org\/{rel}","templated":true}]}}